 digit of 2537818606?
1
What is the units digit of 454282590?
0
What is the millions digit of 197083170?
7
What is the ten millions digit of 82216456?
8
What is the hundred millions digit of 643000853?
6
What is the units digit of 2917216353?
3
What is the units digit of 471853139?
9
What is the ten thousands digit of 1005315496?
1
What is the ten thousands digit of 1327040049?
4
What is the thousands digit of 3077492670?
2
What is the millions digit of 2305730879?
5
What is the hundred thousands digit of 1156478822?
4
What is the hundred thousands digit of 478049706?
0
What is the units digit of 96515181?
1
What is the tens digit of 104879665?
6
What is the thousands digit of 58866177?
6
What is the units digit of 712247?
7
What is the units digit of 22639511?
1
What is the billions digit of 8008645920?
8
What is the hundred thousands digit of 153748832?
7
What is the ten thousands digit of 201637291?
3
What is the ten millions digit of 28610968?
2
What is the thousands digit of 45998512?
8
What is the ten thousands digit of 166344355?
4
What is the hundred millions digit of 576764325?
5
What is the thousands digit of 49002668?
2
What is the hundreds digit of 514224520?
5
What is the thousands digit of 90693829?
3
What is the ten thousands digit of 943118850?
1
What is the hundred thousands digit of 249809663?
8
What is the hundreds digit of 50117171?
1
What is the thousands digit of 6264101737?
1
What is the hundreds digit of 180402682?
6
What is the hundreds digit of 492288172?
1
What is the billions digit of 1252850951?
1
What is the tens digit of 79997570?
7
What is the hundred thousands digit of 6483680?
4
What is the hundred thousands digit of 5346491369?
4
What is the tens digit of 24994756?
5
What is the units digit of 26195655?
5
What is the hundred thousands digit of 847012049?
0
What is the ten millions digit of 445509372?
4
What is the hundred millions digit of 170794707?
1
What is the tens digit of 5716483985?
8
What is the thousands digit of 574586005?
6
What is the hundred thousands digit of 165216229?
2
What is the tens digit of 237916668?
6
What is the ten thousands digit of 69306923?
0
What is the millions digit of 1891743?
1
What is the tens digit of 60651023?
2
What is the billions digit of 3630543019?
3
What is the tens digit of 54637728?
2
What is the units digit of 734504060?
0
What is the thousands digit of 1337403661?
3
What is the tens digit of 86415945?
4
What is the thousands digit of 247681839?
1
What is the billions digit of 4290168012?
4
What is the units digit of 969129594?
4
What is the thousands digit of 278144862?
4
What is the thousands digit of 98813919?
3
What is the ten millions digit of 404021039?
0
What is the ten thousands digit of 2222267498?
6
What is the tens digit of 274576582?
8
What is the thousands digit of 69858658?
8
What is the units digit of 163520448?
8
What is the millions digit of 361584380?
1
What is the ten thousands digit of 292488175?
8
What is the hundred thousands digit of 124686471?
6
What is the millions digit of 76470175?
6
What is the ten millions digit of 84873617?
8
What is the units digit of 25079555?
5
What is the hundred millions digit of 3207959646?
2
What is the ten thousands digit of 55518673?
1
What is the millions digit of 2317079480?
7
What is the tens digit of 74811361?
6
What is the tens digit of 458073249?
4
What is the ten millions digit of 123655052?
2
What is the millions digit of 56793778?
6
What is the hundred thousands digit of 408213063?
2
What is the hundred millions digit of 4830225620?
8
What is the hundred millions digit of 189014747?
1
What is the ten thousands digit of 703289823?
8
What is the ten thousands digit of 2750253096?
5
What is the hundred millions digit of 6901288010?
9
What is the tens digit of 3841899374?
7
What is the units digit of 7247598?
8
What is the millions digit of 53103391?
3
What is the hundred millions digit of 143375513?
1
What is the ten millions digit of 87066891?
8
What is the hundred thousands digit of 196870931?
8
What is the ten millions digit of 291068439?
9
What is the billions digit of 3468101710?
3
What is the units digit of 35325410?
0
What is the thousands digit of 2294843508?
3
What is the millions digit of 38614694?
8
What is the hundred thousands digit of 328713625?
7
What is the hundreds digit of 611504893?
8
What is the ten thousands digit of 7910974467?
7
What is the hundred thousands digit of 496054417?
0
What is the thousands digit of 2004073726?
3
What is the ten thousands digit of 22324853?
2
What is the ten millions digit of 189730692?
8
What is the units digit of 101024483?
3
What is the units digit of 1518554997?
7
What is the thousands digit of 64128207?
8
What is the millions digit of 745486738?
5
What is the units digit of 2036905086?
6
What is the millions digit of 204948304?
4
What is the hundred millions digit of 348263850?
3
What is the units digit of 315900082?
2
What is the billions digit of 1752249145?
1
What is the ten millions digit of 96997657?
9
What is the thousands digit of 1040067849?
7
What is the ten millions digit of 1424756403?
2
What is the millions digit of 100414959?
0
What is the ten millions digit of 349260159?
4
What is the millions digit of 19446408?
9
What is the millions digit of 683181093?
3
What is the tens digit of 2329882045?
4
What is the hundred thousands digit of 429482613?
4
What is the ten thousands digit of 42144575?
4
What is the ten millions digit of 77747302?
7
What is the thousands digit of 236245547?
5
What is the units digit of 69914443?
3
What is the hundred thousands digit of 27868228?
8
What is the units digit of 1011874140?
0
What is the units digit of 514749282?
2
What is the hundred millions digit of 140766948?
1
What is the units digit of 44517891?
1
What is the hundred thousands digit of 109078072?
0
What is the thousands digit of 174772904?
2
What is the ten thousands digit of 62991818?
9
What is the tens digit of 237107085?
8
What is the hundred millions digit of 185388305?
1
What is the millions digit of 558777175?
8
What is the hundred millions digit of 886527144?
8
What is the billions digit of 7544831708?
7
What is the thousands digit of 171108432?
8
What is the ten millions digit of 775557033?
7
What is the ten thousands digit of 520882650?
8
What is the hundred millions digit of 2519007707?
5
What is the hundred millions digit of 152364646?
1
What is the hundred thousands digit of 13382141?
3
What is the hundreds digit of 6587910?
9
What is the hundred thousands digit of 6383263334?
2
What is the ten thousands digit of 4206171?
0
What is the ten millions digit of 552173395?
5
What is the hundreds digit of 1036282680?
6
What is the ten thousands digit of 93969220?
6
What is the millions digit of 3943044897?
3
What is the millions digit of 242415108?
2
What is the tens digit of 6325509?
0
What is the millions digit of 200648799?
0
What is the ten thousands digit of 72690370?
9
What is the millions digit of 48379929?
8
What is the ten millions digit of 3202885510?
0
What is the millions digit of 2526404992?
6
What is the hundred thousands digit of 2227565?
2
What is the ten thousands digit of 39793095?
9
What is the millions digit of 358184768?
8
What is the hundred thousands digit of 486653315?
6
What is the hundreds digit of 265831209?
2
What is the tens digit of 1285672725?
2
What is the units digit of 270336132?
2
What is the hundred thousands digit of 1014738013?
7
What is the hundreds digit of 2263423735?
7
What is the ten millions digit of 53145576?
5
What is the tens digit of 38995096?
9
What is the hundreds digit of 9802782?
7
What is the tens digit of 1142475116?
1
What is the ten millions digit of 3365855436?
6
What is the hundred millions digit of 106152322?
1
What is the hundred thousands digit of 74993478?
9
What is the ten millions digit of 94355759?
9
What is the millions digit of 3866114049?
6
What is the ten millions digit of 174249653?
7
What is the millions digit of 188088348?
8
What is the millions digit of 292684171?
2
What is the millions digit of 2463851904?
3
What is the hundreds digit of 3874797?
7
What is the hundred thousands digit of 51164296?
1
What is the thousands digit of 45973100?
3
What is the ten millio